{"id":4277,"date":"2022-04-30T15:54:28","date_gmt":"2022-04-30T15:54:28","guid":{"rendered":"https:\/\/www.almamaterticinensis.eu\/?page_id=4277"},"modified":"2022-04-30T15:56:03","modified_gmt":"2022-04-30T15:56:03","slug":"prof-tomaso-elia-vecchi","status":"publish","type":"page","link":"https:\/\/www.almamaterticinensis.eu\/index.php\/chi-siamo\/consiglio-di-amministrazione\/prof-tomaso-elia-vecchi\/","title":{"rendered":"Prof. Tomaso Elia Vecchi"},"content":{"rendered":"<p>[et_pb_section fb_built=&#8221;1&#8243; fullwidth=&#8221;on&#8221; admin_label=&#8221;section&#8221; _builder_version=&#8221;3.22&#8243; background_color=&#8221;#2ea3f2&#8243;][et_pb_fullwidth_header title=&#8221; &#8221; subhead=&#8221; &#8221; content_max_width=&#8221;none&#8221; admin_label=&#8221;Fullwidth Header&#8221; _builder_version=&#8221;3.16&#8243; background_color=&#8221;rgba(255, 255, 255, 0)&#8221; background_image=&#8221;http:\/\/www.almamaterticinensis.eu\/wp-content\/uploads\/2016\/05\/box1.jpg&#8221; background_url=&#8221;http:\/\/www.almamaterticinensis.eu\/wp-content\/uploads\/2016\/05\/box1.jpg&#8221; button_one_letter_spacing_hover=&#8221;0&#8243; button_two_letter_spacing_hover=&#8221;0&#8243; button_one_text_size__hover_enabled=&#8221;off&#8221; button_two_text_size__hover_enabled=&#8221;off&#8221; button_one_text_color__hover_enabled=&#8221;off&#8221; button_two_text_color__hover_enabled=&#8221;off&#8221; button_one_border_width__hover_enabled=&#8221;off&#8221; button_two_border_width__hover_enabled=&#8221;off&#8221; button_one_border_color__hover_enabled=&#8221;off&#8221; button_two_border_color__hover_enabled=&#8221;off&#8221; button_one_border_radius__hover_enabled=&#8221;off&#8221; button_two_border_radius__hover_enabled=&#8221;off&#8221; button_one_letter_spacing__hover_enabled=&#8221;on&#8221; button_one_letter_spacing__hover=&#8221;0&#8243; button_two_letter_spacing__hover_enabled=&#8221;on&#8221; button_two_letter_spacing__hover=&#8221;0&#8243; button_one_bg_color__hover_enabled=&#8221;off&#8221; button_two_bg_color__hover_enabled=&#8221;off&#8221;][\/et_pb_fullwidth_header][\/et_pb_section][et_pb_section fb_built=&#8221;1&#8243; admin_label=&#8221;section&#8221; _builder_version=&#8221;3.22&#8243;][et_pb_row admin_label=&#8221;row&#8221; _builder_version=&#8221;3.25&#8243; background_size=&#8221;initial&#8221; background_position=&#8221;top_left&#8221; background_repeat=&#8221;repeat&#8221;][et_pb_column type=&#8221;4_4&#8243; _builder_version=&#8221;3.25&#8243; custom_padding=&#8221;|||&#8221; custom_padding__hover=&#8221;|||&#8221;][et_pb_post_title meta=&#8221;off&#8221; featured_image=&#8221;off&#8221; admin_label=&#8221;Post Title&#8221; _builder_version=&#8221;3.0.87&#8243; title_all_caps=&#8221;off&#8221; background_color=&#8221;rgba(255,255,255,0)&#8221; parallax=&#8221;on&#8221; parallax_method=&#8221;off&#8221; parallax_effect=&#8221;on&#8221; module_bg_color=&#8221;rgba(255,255,255,0)&#8221; use_border_color=&#8221;off&#8221; border_color=&#8221;#ffffff&#8221; border_style=&#8221;solid&#8221;][\/et_pb_post_title][et_pb_text admin_label=&#8221;Text&#8221; _builder_version=&#8221;4.4.6&#8243; background_size=&#8221;initial&#8221; background_position=&#8221;top_left&#8221; background_repeat=&#8221;repeat&#8221; use_border_color=&#8221;off&#8221; border_color=&#8221;#ffffff&#8221; border_style=&#8221;solid&#8221;]<\/p>\n<p>Professore ordinario di psicologia sperimentale e psicologia cognitiva presso l\u2019Universit\u00e0 di Pavia e membro del Brain Connectivity Center, IRCCS Istituto Neurologico Nazionale C. Mondino, \u00e8 attualmente Prorettore al personale docente e Comunicazione interna dell&#8217;Universit\u00e0 di Pavia.<\/p>\n<p>Direttore del Dipartimento di Psicologia dal 2002 al 2007, Coordinatore del Collegio dei Direttori di Dipartimento dal 2003 al 2007, componente del Senato Academico dal 2005 al 2007, Presidente del Consiglio didattico in Psicologia dal 2007 al 2013, coordinatore del dottorato di ricerca in Psicologia, Neuroscienze e Statistica Medica, Scuola di dottorato in Scienze della vita dal 2010 al 2015 e attualmente direttore del Department of Brain and Behavioral Sciences dell\u2019Universit\u00e0 di Pavia.<\/p>\n<p>Coordinatore nazionale di diversi progetti di ricerca nell&#8217;ambito della cecit\u00e0 e della cognizione spaziale e coordinatore di reti di ricerca a livello internazionale. In passato, T.V. ha lavorato presso il Dipartimento di Psicologia dell\u2019Universit\u00e0 di Roma \u201cLa Sapienza\u201d ed ha ricoperto incarichi di ricerca presso l\u2019Universit\u00e0 di Padova, l\u2019University of Aberdeen (UK) e la Brunel University (UK). In ambito internazionale \u00e8 responsabile italiano del progetto &#8221; A life-span perspective on cognitive impairment in low vision: hints for possible rehabilitation strategies&#8221; (University of Pavia and Harvard Medical School) e coordinatore italiano del progetto &#8220;Music and memory: Individual differences and cognitive models&#8221; (Universit\u00e0 di Pavia, CNRS Marseille, Ben Gurion University Israel). Local Officer per l\u2019Italia della European Society for Cognitive Psychology.<\/p>\n<p>L\u2019attivit\u00e0 di ricerca si \u00e8 concentrata nei settori della memoria, della cognizione spaziale, delle differenze individuali e nello studio dei correlati cognitivi e neurofisiologici della generazione ed elaborazione di immagini mentali. T.V. ha pubblicato pi\u00f9 di 100 lavori, principalmente a livello internazionale, nell&#8217;ambito della psicologia sperimentale (e.g., Journal of Experimental Psychology, Quarterly Journal of Experimental Psychology, Acta Psychologica, Memory), della neuropsicologia (e.g., Neuropsychologia, Cortex, Brain and Cognition), e delle neuroscienze cognitive (e.g., Journal of Neuroscience, Journal of Cognitive Neuroscience, Cerebral Cortex, Neuroimage, Neuroscience and Biobehavioral Reviews). T.V. ha pubblicato diverse monografie per alcuni dei pi\u00f9 importanti editori internazionali nell&#8217;ambito delle scienze cognitive (Cattaneo and Vecchi, Blind Vision: The neuroscience of visual impairment, The MIT Press, Cambridge, MA, US; Cornoldi and Vecchi, Visuo-spatial working memory and individual differences, Taylor and Francis, UK; Vecchi and Bottini, Imagery and Spatial cognition, John Benjamins, The Netherlands). L&#8217;attivit\u00e0 di ricerca ha ricevuto finanziamenti da Istituzioni quali Wellcome Trust, Unione Europea, Ministero Affari Esteri, MIUR, Fondazione Banca del Monte di Lombardia, Fondazione Cariplo, Fondazione Alma Mater Ticiniensis.<\/p>\n<p>[\/et_pb_text][\/et_pb_column][\/et_pb_row][\/et_pb_section]<\/p>\n","protected":false},"excerpt":{"rendered":"","protected":false},"author":2,"featured_media":0,"parent":2714,"menu_order":0,"comment_status":"closed","ping_status":"closed","template":"","meta":{"_et_pb_use_builder":"on","_et_pb_old_content":"","_et_gb_content_width":"","footnotes":""},"class_list":["post-4277","page","type-page","status-publish","hentry"],"_links":{"self":[{"href":"https:\/\/www.almamaterticinensis.eu\/index.php\/wp-json\/wp\/v2\/pages\/4277","targetHints":{"allow":["GET"]}}],"collection":[{"href":"https:\/\/www.almamaterticinensis.eu\/index.php\/wp-json\/wp\/v2\/pages"}],"about":[{"href":"https:\/\/www.almamaterticinensis.eu\/index.php\/wp-json\/wp\/v2\/types\/page"}],"author":[{"embeddable":true,"href":"https:\/\/www.almamaterticinensis.eu\/index.php\/wp-json\/wp\/v2\/users\/2"}],"replies":[{"embeddable":true,"href":"https:\/\/www.almamaterticinensis.eu\/index.php\/wp-json\/wp\/v2\/comments?post=4277"}],"version-history":[{"count":5,"href":"https:\/\/www.almamaterticinensis.eu\/index.php\/wp-json\/wp\/v2\/pages\/4277\/revisions"}],"predecessor-version":[{"id":4285,"href":"https:\/\/www.almamaterticinensis.eu\/index.php\/wp-json\/wp\/v2\/pages\/4277\/revisions\/4285"}],"up":[{"embeddable":true,"href":"https:\/\/www.almamaterticinensis.eu\/index.php\/wp-json\/wp\/v2\/pages\/2714"}],"wp:attachment":[{"href":"https:\/\/www.almamaterticinensis.eu\/index.php\/wp-json\/wp\/v2\/media?parent=4277"}],"curies":[{"name":"wp","href":"https:\/\/api.w.org\/{rel}","templated":true}]}}