{"id":258,"date":"2016-05-25T13:39:17","date_gmt":"2016-05-25T13:39:17","guid":{"rendered":"https:\/\/www.almamaterticinensis.eu\/?page_id=258"},"modified":"2023-10-06T09:08:55","modified_gmt":"2023-10-06T09:08:55","slug":"eventi-culturali","status":"publish","type":"page","link":"https:\/\/www.almamaterticinensis.eu\/index.php\/attivita\/eventi-culturali\/","title":{"rendered":"Eventi culturali"},"content":{"rendered":"<p>[et_pb_section fb_built=&#8221;1&#8243; fullwidth=&#8221;on&#8221; custom_padding_last_edited=&#8221;on|desktop&#8221; admin_label=&#8221;section&#8221; _builder_version=&#8221;3.22&#8243; background_color=&#8221;#2ea3f2&#8243; custom_padding_tablet=&#8221;50px|0|50px|0&#8243; transparent_background=&#8221;off&#8221; padding_mobile=&#8221;off&#8221; make_fullwidth=&#8221;off&#8221; use_custom_width=&#8221;off&#8221; width_unit=&#8221;on&#8221;][et_pb_fullwidth_header title=&#8221; &#8221; subhead=&#8221; &#8221; content_max_width=&#8221;none&#8221; admin_label=&#8221;Fullwidth Header&#8221; _builder_version=&#8221;3.16&#8243; background_color=&#8221;rgba(255, 255, 255, 0)&#8221; background_image=&#8221;https:\/\/www.almamaterticinensis.eu\/wp-content\/uploads\/2016\/05\/pagina-interna-1_2.jpg&#8221; background_url=&#8221;https:\/\/www.almamaterticinensis.eu\/wp-content\/uploads\/2016\/05\/pagina-interna-1_2.jpg&#8221; button_one_letter_spacing_hover=&#8221;0&#8243; button_two_letter_spacing_hover=&#8221;0&#8243; button_one_text_size__hover_enabled=&#8221;off&#8221; button_two_text_size__hover_enabled=&#8221;off&#8221; button_one_text_color__hover_enabled=&#8221;off&#8221; button_two_text_color__hover_enabled=&#8221;off&#8221; button_one_border_width__hover_enabled=&#8221;off&#8221; button_two_border_width__hover_enabled=&#8221;off&#8221; button_one_border_color__hover_enabled=&#8221;off&#8221; button_two_border_color__hover_enabled=&#8221;off&#8221; button_one_border_radius__hover_enabled=&#8221;off&#8221; button_two_border_radius__hover_enabled=&#8221;off&#8221; button_one_letter_spacing__hover_enabled=&#8221;on&#8221; button_one_letter_spacing__hover=&#8221;0&#8243; button_two_letter_spacing__hover_enabled=&#8221;on&#8221; button_two_letter_spacing__hover=&#8221;0&#8243; button_one_bg_color__hover_enabled=&#8221;off&#8221; button_two_bg_color__hover_enabled=&#8221;off&#8221;] [\/et_pb_fullwidth_header][\/et_pb_section][et_pb_section fb_built=&#8221;1&#8243; admin_label=&#8221;section&#8221; _builder_version=&#8221;3.22&#8243;][et_pb_row admin_label=&#8221;row&#8221; _builder_version=&#8221;3.25&#8243; background_size=&#8221;initial&#8221; background_position=&#8221;top_left&#8221; background_repeat=&#8221;repeat&#8221;][et_pb_column type=&#8221;4_4&#8243; _builder_version=&#8221;3.25&#8243; custom_padding=&#8221;|||&#8221; custom_padding__hover=&#8221;|||&#8221;][et_pb_text admin_label=&#8221;Text&#8221; _builder_version=&#8221;3.27.4&#8243; background_size=&#8221;initial&#8221; background_position=&#8221;top_left&#8221; background_repeat=&#8221;repeat&#8221; use_border_color=&#8221;off&#8221; border_color=&#8221;#ffffff&#8221; border_style=&#8221;solid&#8221;]<\/p>\n<h2>Eventi culturali<\/h2>\n<p>Concerti, esposizioni, visite guidate: la Fondazione Alma Mater Ticinensis apre al pubblico e alla citt\u00e0, durante tutto l\u2019anno, la propria sede di Palazzo Vistarino. Un calendario di eventi ideati per promuovere la diffusione delle arti, l\u2019approfondimento di temi d\u2019attualit\u00e0, la scoperta del patrimonio storico-artistico dei &#8220;palazzo da principi&#8221;.<\/p>\n<ul>\n<li>Visite Guidate: sorprendenti percorsi storico-artistici alla scoperta della settecentesca villa delle delizie affacciata sul Ticino, recentemente restaurata.<\/li>\n<li>Concerti: la sala della musica e il cortile d&#8217;onore accolgono concerti di musica da camera e conferenze con accompagnamento musicale.<\/li>\n<li>Conferenze: presentazioni di libri, letture di poesie, approfondimenti dedicati a &#8220;Le Parole di Expo&#8221; sono tra gli appuntamenti aperti al pubblico organizzati dalla Fondazione.<\/li>\n<li>Esposizioni: il piano nobile di palazzo Vistarino, riportato all\u2019antico splendore, con le sale affrescate e le decorazioni in stucco, accoglie esposizioni d&#8217;arte. Tra le pi\u00f9 recenti organizzate dalla Fondazione, la mostra &#8220;Picasso e le sue passioni&#8221;.<a style=\"line-height: 1.7em;\" href=\"https:\/\/www.almamaterticinensis.eu\/\">| Scopri i prossimi eventi &gt;<\/a><\/li>\n<\/ul>\n<p>[\/et_pb_text][\/et_pb_column][\/et_pb_row][et_pb_row admin_label=&#8221;row&#8221; _builder_version=&#8221;3.25&#8243; background_size=&#8221;initial&#8221; background_position=&#8221;top_left&#8221; background_repeat=&#8221;repeat&#8221; column_structure=&#8221;1_2,1_2&#8243;][et_pb_column type=&#8221;1_2&#8243; _builder_version=&#8221;3.25&#8243; custom_padding=&#8221;|||&#8221; custom_padding__hover=&#8221;|||&#8221;][et_pb_text admin_label=&#8221;Text&#8221; _builder_version=&#8221;3.27.4&#8243; background_size=&#8221;initial&#8221; background_position=&#8221;top_left&#8221; background_repeat=&#8221;repeat&#8221; use_border_color=&#8221;off&#8221; border_color=&#8221;#ffffff&#8221; border_style=&#8221;solid&#8221;]<\/p>\n<h3><\/h3>\n<h3>Picasso e le sue passioni<\/h3>\n<p>\u201cPicasso e le sue passioni\u201d \u00e8 la mostra evento che si \u00e8 tenuta a Pavia a Palazzo Vistarino dal 19 dicembre 2015 al 20 marzo 2016. Pi\u00f9 di 200 opere tra disegni, ceramiche e oli, provenienti da importanti raccolte private di tutto il mondo e dal museo di Mija Malaga. La mostra \u00e8 organizzata dalla Fondazione, in partnership con Vivipavia e MUSA GROUP e in collaborazione con il Comune di Pavia e l\u2019Universit\u00e0 di Pavia.<br \/>\n[\/et_pb_text][\/et_pb_column][et_pb_column type=&#8221;1_2&#8243; _builder_version=&#8221;3.25&#8243; custom_padding=&#8221;|||&#8221; custom_padding__hover=&#8221;|||&#8221;][et_pb_text admin_label=&#8221;Text&#8221; _builder_version=&#8221;3.27.4&#8243; background_size=&#8221;initial&#8221; background_position=&#8221;top_left&#8221; background_repeat=&#8221;repeat&#8221; use_border_color=&#8221;off&#8221; border_color=&#8221;#ffffff&#8221; border_style=&#8221;solid&#8221;] <img loading=\"lazy\" decoding=\"async\" class=\"alignnone wp-image-965 size-medium\" src=\"https:\/\/www.almamaterticinensis.eu\/wp-content\/uploads\/2016\/05\/picasso-copia-e1467206232902-300x209.jpg\" width=\"300\" height=\"209\" srcset=\"https:\/\/www.almamaterticinensis.eu\/wp-content\/uploads\/2016\/05\/picasso-copia-e1467206232902-300x209.jpg 300w, https:\/\/www.almamaterticinensis.eu\/wp-content\/uploads\/2016\/05\/picasso-copia-e1467206232902.jpg 636w\" sizes=\"(max-width: 300px) 100vw, 300px\" \/> [\/et_pb_text][\/et_pb_column][\/et_pb_row][et_pb_row admin_label=&#8221;row&#8221; _builder_version=&#8221;3.25&#8243; background_size=&#8221;initial&#8221; background_position=&#8221;top_left&#8221; background_repeat=&#8221;repeat&#8221; column_structure=&#8221;1_3,1_3,1_3&#8243;][et_pb_column type=&#8221;1_3&#8243; _builder_version=&#8221;3.25&#8243; custom_padding=&#8221;|||&#8221; custom_padding__hover=&#8221;|||&#8221;][et_pb_text admin_label=&#8221;Text&#8221; _builder_version=&#8221;3.27.4&#8243; background_size=&#8221;initial&#8221; background_position=&#8221;top_left&#8221; background_repeat=&#8221;repeat&#8221; hover_enabled=&#8221;0&#8243; use_border_color=&#8221;off&#8221; border_color=&#8221;#ffffff&#8221; border_style=&#8221;solid&#8221;]<\/p>\n<h4>Le parole di Expo<\/h4>\n<p>Alma Mater Ticinensis con l\u2019Universit\u00e0 e il Comune di Pavia con l\u2019Associazione \u201cPavia Citt\u00e0 Internazionale dei Saperi\u201d ha proposto \u201cLe parole di Expo\u201d. Dalle conversazioni in musica, al processo al Riso, alle performance teatrali, ai percorsi tematici dedicati a Nutrimento, Pianeta, Energia e Vita, il tema di Expo 2015 \u00e8 stato scomposto e ricomposto in occasioni per riflettere, confrontarsi e far festa insieme.<br \/>\n[\/et_pb_text][\/et_pb_column][et_pb_column type=&#8221;1_3&#8243; _builder_version=&#8221;3.25&#8243; custom_padding=&#8221;|||&#8221; custom_padding__hover=&#8221;|||&#8221;][et_pb_text admin_label=&#8221;Text&#8221; _builder_version=&#8221;3.27.4&#8243; background_size=&#8221;initial&#8221; background_position=&#8221;top_left&#8221; background_repeat=&#8221;repeat&#8221; hover_enabled=&#8221;0&#8243; use_border_color=&#8221;off&#8221; border_color=&#8221;#ffffff&#8221; border_style=&#8221;solid&#8221;]&nbsp;<\/p>\n<p><img loading=\"lazy\" decoding=\"async\" class=\"alignnone wp-image-977 size-full\" src=\"https:\/\/www.almamaterticinensis.eu\/wp-content\/uploads\/2016\/05\/Unknown.jpeg\" alt=\"Unknown\" width=\"270\" height=\"179\" \/><br \/>\n[\/et_pb_text][\/et_pb_column][et_pb_column type=&#8221;1_3&#8243; _builder_version=&#8221;3.25&#8243; custom_padding=&#8221;|||&#8221; custom_padding__hover=&#8221;|||&#8221;][et_pb_text admin_label=&#8221;Text&#8221; _builder_version=&#8221;3.27.4&#8243; background_size=&#8221;initial&#8221; background_position=&#8221;top_left&#8221; background_repeat=&#8221;repeat&#8221; hover_enabled=&#8221;0&#8243; use_border_color=&#8221;off&#8221; border_color=&#8221;#ffffff&#8221; border_style=&#8221;solid&#8221;]<\/p>\n<h4>4 cortili in musica<\/h4>\n<p>Musica settecentesca a Palazzo Vistarino con &#8220;4 CORTILI IN MUSICA&#8221;, la prima Rassegna di Musica da Camera a Pavia, organizzata dalla Fondazione I Solisti di Pavia. \u00a04 appuntamenti con I Solisti di Pavia in diversi angoli della citt\u00e0, per offrire\u00a0occasioni di incontro tra i singoli musicisti dell\u2019ensemble e la cittadinanza, tra la musica di soli strumenti ad arco e le bellezze nascoste di Pavia.<br \/>\n[\/et_pb_text][\/et_pb_column][\/et_pb_row][\/et_pb_section]<\/p>\n","protected":false},"excerpt":{"rendered":"","protected":false},"author":1,"featured_media":0,"parent":121,"menu_order":6,"comment_status":"closed","ping_status":"closed","template":"","meta":{"_et_pb_use_builder":"on","_et_pb_old_content":"","_et_gb_content_width":"","footnotes":""},"class_list":["post-258","page","type-page","status-publish","hentry"],"_links":{"self":[{"href":"https:\/\/www.almamaterticinensis.eu\/index.php\/wp-json\/wp\/v2\/pages\/258","targetHints":{"allow":["GET"]}}],"collection":[{"href":"https:\/\/www.almamaterticinensis.eu\/index.php\/wp-json\/wp\/v2\/pages"}],"about":[{"href":"https:\/\/www.almamaterticinensis.eu\/index.php\/wp-json\/wp\/v2\/types\/page"}],"author":[{"embeddable":true,"href":"https:\/\/www.almamaterticinensis.eu\/index.php\/wp-json\/wp\/v2\/users\/1"}],"replies":[{"embeddable":true,"href":"https:\/\/www.almamaterticinensis.eu\/index.php\/wp-json\/wp\/v2\/comments?post=258"}],"version-history":[{"count":35,"href":"https:\/\/www.almamaterticinensis.eu\/index.php\/wp-json\/wp\/v2\/pages\/258\/revisions"}],"predecessor-version":[{"id":3704,"href":"https:\/\/www.almamaterticinensis.eu\/index.php\/wp-json\/wp\/v2\/pages\/258\/revisions\/3704"}],"up":[{"embeddable":true,"href":"https:\/\/www.almamaterticinensis.eu\/index.php\/wp-json\/wp\/v2\/pages\/121"}],"wp:attachment":[{"href":"https:\/\/www.almamaterticinensis.eu\/index.php\/wp-json\/wp\/v2\/media?parent=258"}],"curies":[{"name":"wp","href":"https:\/\/api.w.org\/{rel}","templated":true}]}}